{"version":"1.0","provider_name":"USMV","provider_url":"https:\/\/orsolinesmvarallo.org\/es","author_name":"Stephanie Chiu","author_url":"https:\/\/orsolinesmvarallo.org\/es\/author\/stephanie\/","title":"\"El Bautismo de Jes\u00fas: Nuestra Propia Consagraci\u00f3n\" - OSMV","type":"rich","width":600,"height":338,"html":"<blockquote class=\"wp-embedded-content\" data-secret=\"v5KTChl0nT\"><a href=\"https:\/\/orsolinesmvarallo.org\/es\/el-bautismo-de-jesus-nuestra-propia-consagracion\/\">&#8220;El Bautismo de Jes\u00fas: Nuestra Propia Consagraci\u00f3n&#8221;<\/a><\/blockquote><iframe sandbox=\"allow-scripts\" security=\"restricted\" src=\"https:\/\/orsolinesmvarallo.org\/es\/el-bautismo-de-jesus-nuestra-propia-consagracion\/embed\/#?secret=v5KTChl0nT\" width=\"600\" height=\"338\" title=\"\u00ab&#8220;El Bautismo de Jes\u00fas: Nuestra Propia Consagraci\u00f3n&#8221;\u00bb \u2014 OSMV\" data-secret=\"v5KTChl0nT\" frameborder=\"0\" marginwidth=\"0\" marginheight=\"0\" scrolling=\"no\" class=\"wp-embedded-content\"><\/iframe><script>\n\/*! This file is auto-generated *\/\n!function(d,l){\"use strict\";l.querySelector&&d.addEventListener&&\"undefined\"!=typeof URL&&(d.wp=d.wp||{},d.wp.receiveEmbedMessage||(d.wp.receiveEmbedMessage=function(e){var t=e.data;if((t||t.secret||t.message||t.value)&&!\/[^a-zA-Z0-9]\/.test(t.secret)){for(var s,r,n,a=l.querySelectorAll('iframe[data-secret=\"'+t.secret+'\"]'),o=l.querySelectorAll('blockquote[data-secret=\"'+t.secret+'\"]'),c=new RegExp(\"^https?:$\",\"i\"),i=0;i<o.length;i++)o[i].style.display=\"none\";for(i=0;i<a.length;i++)s=a[i],e.source===s.contentWindow&&(s.removeAttribute(\"style\"),\"height\"===t.message?(1e3<(r=parseInt(t.value,10))?r=1e3:~~r<200&&(r=200),s.height=r):\"link\"===t.message&&(r=new URL(s.getAttribute(\"src\")),n=new URL(t.value),c.test(n.protocol))&&n.host===r.host&&l.activeElement===s&&(d.top.location.href=t.value))}},d.addEventListener(\"message\",d.wp.receiveEmbedMessage,!1),l.addEventListener(\"DOMContentLoaded\",function(){for(var e,t,s=l.querySelectorAll(\"iframe.wp-embedded-content\"),r=0;r<s.length;r++)(t=(e=s[r]).getAttribute(\"data-secret\"))||(t=Math.random().toString(36).substring(2,12),e.src+=\"#?secret=\"+t,e.setAttribute(\"data-secret\",t)),e.contentWindow.postMessage({message:\"ready\",secret:t},\"*\")},!1)))}(window,document);\n<\/script>","description":"&#8220;Nadie me quita la vida; yo la doy por mi propia voluntad.&#8221; (Juan 10, 18) Hoy quiero hablarles sobre el Bautismo de Jes\u00fas, no solo como un acontecimiento b\u00edblico, sino tambi\u00e9n como una consagraci\u00f3n especial que ilumina nuestra propia experiencia bautismal. Reflexionemos juntos sobre el significado profundo de esta consagraci\u00f3n que todos hemos recibido. La..."}

"El Bautismo de Jesús: Nuestra Propia Consagración" - OSMV

<blockquote class="wp-embedded-content" data-secret="v5KTChl0nT"><a href="https://orsolinesmvarallo.org/es/el-bautismo-de-jesus-nuestra-propia-consagracion/">&#8220;El Bautismo de Jesús: Nuestra Propia Consagración&#8221;</a></blockquote><iframe sandbox="allow-scripts" security="restricted" src="https://orsolinesmvarallo.org/es/el-bautismo-de-jesus-nuestra-propia-consagracion/embed/#?secret=v5KTChl0nT" width="600" height="338" title="«&#8220;El Bautismo de Jesús: Nuestra Propia Consagración&#8221;» — OSMV" data-secret="v5KTChl0nT" frameborder="0" marginwidth="0" marginheight="0" scrolling="no" class="wp-embedded-content"></iframe><script>
/*! This file is auto-generated */
!function(d,l){"use strict";l.querySelector&&d.addEventListener&&"undefined"!=typeof URL&&(d.wp=d.wp||{},d.wp.receiveEmbedMessage||(d.wp.receiveEmbedMessage=function(e){var t=e.data;if((t||t.secret||t.message||t.value)&&!/[^a-zA-Z0-9]/.test(t.secret)){for(var s,r,n,a=l.querySelectorAll('iframe[data-secret="'+t.secret+'"]'),o=l.querySelectorAll('blockquote[data-secret="'+t.secret+'"]'),c=new RegExp("^https?:$","i"),i=0;i<o.length;i++)o[i].style.display="none";for(i=0;i<a.length;i++)s=a[i],e.source===s.contentWindow&&(s.removeAttribute("style"),"height"===t.message?(1e3<(r=parseInt(t.value,10))?r=1e3:~~r<200&&(r=200),s.height=r):"link"===t.message&&(r=new URL(s.getAttribute("src")),n=new URL(t.value),c.test(n.protocol))&&n.host===r.host&&l.activeElement===s&&(d.top.location.href=t.value))}},d.addEventListener("message",d.wp.receiveEmbedMessage,!1),l.addEventListener("DOMContentLoaded",function(){for(var e,t,s=l.querySelectorAll("iframe.wp-embedded-content"),r=0;r<s.length;r++)(t=(e=s[r]).getAttribute("data-secret"))||(t=Math.random().toString(36).substring(2,12),e.src+="#?secret="+t,e.setAttribute("data-secret",t)),e.contentWindow.postMessage({message:"ready",secret:t},"*")},!1)))}(window,document);
</script>

&#8220;Nadie me quita la vida; yo la doy por mi propia voluntad.&#8221; (Juan 10, 18) Hoy quiero hablarles sobre el Bautismo de Jesús, no solo como un acontecimiento bíblico, sino también como una consagración especial que ilumina nuestra propia experiencia bautismal. Reflexionemos juntos sobre el significado profundo de esta consagración que todos hemos recibido. La...
